7 composite?
False
Is 71101 composite?
True
Is 43379 a prime number?
False
Is 53147 composite?
False
Is 54301 composite?
True
Is 2840353 a composite number?
False
Is 11183 prime?
False
Is 281609 prime?
True
Is 1610021 a composite number?
True
Is 834961 a composite number?
False
Is 108631 prime?
True
Is 1510045 composite?
True
Is 39661 prime?
False
Is 70271 composite?
False
Is 5498 a composite number?
True
Is 1733 prime?
True
Is 91607 prime?
False
Is 11563 prime?
False
Is 13607 prime?
False
Is 81887 a prime number?
False
Is 33121 prime?
False
Is 58637 prime?
False
Is 1882 a prime number?
False
Is 15031 a composite number?
False
Is 737 a composite number?
True
Is 89069 composite?
False
Is 34795 composite?
True
Is 907 prime?
True
Is 2297923 composite?
False
Is 85193 a composite number?
False
Is 499969 prime?
True
Is 26623 a prime number?
False
Is 296189 a prime number?
False
Is 250347 prime?
False
Is 134021 composite?
True
Is 659189 a composite number?
False
Is 8663 prime?
True
Is 49307 a prime number?
True
Is 9793 a prime number?
False
Is 2694935 prime?
False
Is 403387 a composite number?
False
Is 131 composite?
False
Is 32134 a composite number?
True
Is 649937 a prime number?
True
Is 185995 composite?
True
Is 911 a prime number?
True
Is 682411 composite?
False
Is 3491 a composite number?
False
Is 5077 a composite number?
False
Is 4553 prime?
False
Is 5899 composite?
True
Is 170689 composite?
False
Is 256099 prime?
False
Is 14969 a composite number?
False
Is 30451 a composite number?
True
Is 11191045 composite?
True
Is 16621 prime?
False
Is 276233 a prime number?
False
Is 6787 a composite number?
True
Is 213149 a composite number?
False
Is 246263 composite?
True
Is 18197 a composite number?
True
Is 192563 a prime number?
False
Is 250574 a composite number?
True
Is 11318 composite?
True
Is 369647 prime?
True
Is 35069 composite?
False
Is 2605 a prime number?
False
Is 1763131 a prime number?
True
Is 3343 a composite number?
False
Is 456373 prime?
False
Is 831 a composite number?
True
Is 77947 prime?
False
Is 8851 a composite number?
True
Is 386177 a prime number?
False
Is 277642 a composite number?
True
Is 4187 prime?
False
Is 103769 a composite number?
False
Is 1756633 a prime number?
True
Is 2890523 prime?
True
Is 47993 a prime number?
False
Is 2123 prime?
False
Is 438587 a composite number?
True
Is 3589 a prime number?
False
Is 1686805 a prime number?
False
Is 812963 composite?
False
Is 29413 a composite number?
True
Is 4083 prime?
False
Is 48651 prime?
False
Is 242863 composite?
False
Is 4352063 composite?
False
Is 28979 prime?
True
Is 259979 a prime number?
False
Is 4197 composite?
True
Is 821549 a prime number?
False
Is 12539 prime?
True
Is 222643 a prime number?
True
Is 2491 a prime number?
False
Is 1436851 a prime number?
False
Is 2187571 a prime number?
True
Is 106591 a composite number?
False
Is 23869 composite?
False
Is 4249 prime?
False
Is 3989 prime?
True
Is 7937 a prime number?
True
Is 250343 composite?
False
Is 5431 a prime number?
True
Is 162389 a prime number?
True
Is 117037 a prime number?
True
Is 93733 a composite number?
True
Is 152087 composite?
True
Is 537659 prime?
False
Is 17219 composite?
True
Is 17943 composite?
True
Is 253357 a prime number?
False
Is 94993 a prime number?
True
Is 34037 a prime number?
False
Is 290803 a composite number?
False
Is 2935 composite?
True
Is 42979 a prime number?
True
Is 18899 prime?
True
Is 17603 composite?
True
Is 117223 prime?
True
Is 697897 composite?
False
Is 634367 prime?
True
Is 1424177 prime?
True
Is 106591 prime?
True
Is 40927 a prime number?
True
Is 20135 prime?
False
Is 3719 prime?
True
Is 140531 prime?
False
Is 11579 prime?
True
Is 53047 a prime number?
True
Is 499 prime?
True
Is 6239 a composite number?
True
Is 5759 composite?
True
Is 68957 a composite number?
True
Is 32503 prime?
True
Is 1277 a composite number?
False
Is 88073 a prime number?
False
Is 61733 a prime number?
False
Is 934599 prime?
False
Is 5347 composite?
False
Is 1259 a prime number?
True
Is 31883 composite?
False
Is 417479 composite?
False
Is 14429 a composite number?
True
Is 51571 a prime number?
False
Is 203531 composite?
False
Is 2130317 a prime number?
False
Is 4861 composite?
False
Is 779 prime?
False
Is 33133 a prime number?
False
Is 25013 a composite number?
False
Is 11015 a composite number?
True
Is 30997 composite?
True
Is 63361 a prime number?
True
Is 80287 composite?
False
Is 11599 a prime number?
False
Is 14907709 prime?
True
Is 2333 prime?
True
Is 1794655 composite?
True
Is 57613 a composite number?
True
Is 1396985 a prime number?
False
Is 20177 prime?
True
Is 52519 a prime number?
False
Is 181361 a composite number?
False
Is 73237 composite?
False
Is 43661 prime?
True
Is 209597 prime?
True
Is 24859 a composite number?
False
Is 409 a composite number?
False
Is 6347 a composite number?
True
Is 485777 prime?
True
Is 172573 prime?
True
Is 355853 prime?
True
Is 1856191 a composite number?
False
Is 1922963 prime?
False
Is 1083497 composite?
False
Is 4247 composite?
True
Is 907 a prime number?
True
Is 29513 a prime number?
False
Is 8618959 prime?
True
Is 14137 prime?
False
Is 292133 a composite number?
False
Is 17467 prime?
True
Is 283267 prime?
True
Is 1082717 a prime number?
True
Is 6383 a composite number?
True
Is 235567 prime?
False
Is 16811 prime?
True
Is 706463 prime?
True
Is 256117 a composite number?
False
Is 140243 prime?
False
Is 2491 prime?
False
Is 9287 a prime number?
False
Is 23459 composite?
False
Is 22511 a prime number?
True
Is 7039 prime?
True
Is 88721 composite?
False
Is 3631 composite?
False
Is 40387 a composite number?
False
Is 4071183 prime?
False
Is 178169 a composite number?
False
Is 656371 composite?
False
Is 74915 prime?
False
Is 187079 prime?
False
Is 205613 composite?
True
Is 57359 a composite number?
True
Is 971077 composite?
False
Is 1974053 prime?
True
Is 88342 a composite number?
True
Is 14623 a prime number?
False
Is 1847 composite?
False
Is 631 composite?
False
Is 5773 prime?
False
Is 168599 a prime number?
True
Is 385069 a composite number?
False
Is 3561 composite?
True
Is 62963 a prime number?
False
Is 358843 composite?
True
Is 1895 a prime number?
False
Is 7039 a composite number?
False
Is 24019 prime?
True
Is 38029 prime?
False
Is 48593 a composite number?
False
Is 15053 a composite number?
False
Is 8279 prime?
False
Is 1727 a composite number?
True
Is 97 prime?
True
Is 15117 a prime number?
False
Is 34841 a composite number?
False
Is 1274869 prime?
False
Is 50261 a prime number?
True
Is 21233 a prime number?
False
Is 8545 a prime number?
False
Is 55291 composite?
False
Is 14851 a prime number?
True
Is 365957 composite?
True
Is 44359 prime?
False
Is 176663 a prime number?
False
Is 26498 a composite number?
True
Is 32995 a composite number?
True
Is 282709 prime?
False
Is 21829 a composite number?
True
Is 2099 a composite number?
False
Is 14477 prime?
False
Is 67883 composite?
False
Is 195191 prime?
False
Is 10477 a prime number?
True
Is 52898 prime?
False
Is 297323 prime?
False
Is 21341 prime?
True
Is 128063 composite?
True
Is 127877 prime?
True
Is 7409 a prime number?
False
Is 838 composite?
True
Is 691 a prime number?
True
Is 35161 composite?
True
Is 585017 prime?
False
Is 2539627 a composite number?
False
Is 182089 a prime number?
True
Is 1303174 a prime number?
False
Is 42869 a composite number?
True
Is 46807 a prime number?
True
Is 36655 a prime number?
False
Is 6803 a prime number?
True
Is 12055 prime?
False
Is 716221 a composite number?
True
Is 4289 a prime number?
True
Is 9613 composite?
False
Is 55589 a composite number?
False
Is 11269 composite?
True
Is 7601 a composite number?
True
Is 55493 prime?
False
Is 250489 composite?
False
Is 46855 composite?
True
Is 3953 a prime number?
False
Is 593207 prime?
True
Is 5069147 composite?
True
Is 380983 a composite number?
False
Is 69623 composite?
False
Is 1219 a prime number?
False
Is 2286953 composite?
False
Is 178699 prime?
False
Is 75857 a prime number?
False
Is 24937 prime?
False
Is 3387 a composite number?
True
Is 4561 composite?
False
Is 58423 a composite number?
True
Is 26603 a composite number?
True
Is 226859 prime?
False
Is 65167 composite?
False
Is 107431 a prime number?
False
Is 7933 a prime number?
True